{"id":45,"date":"2023-07-11T10:10:01","date_gmt":"2023-07-11T10:10:01","guid":{"rendered":"https:\/\/einmahleins.ch\/?page_id=45"},"modified":"2024-12-20T07:26:47","modified_gmt":"2024-12-20T07:26:47","slug":"kontakt","status":"publish","type":"page","link":"https:\/\/einmahleins.ch\/index.php\/kontakt\/","title":{"rendered":"Kontakt"},"content":{"rendered":"\n<div class=\"wp-block-group header-group has-global-padding is-layout-constrained wp-block-group-is-layout-constrained\">\n<?xml version=\"1.0\" encoding=\"UTF-8\" standalone=\"no\"?>\n<!DOCTYPE svg PUBLIC \"-\/\/W3C\/\/DTD SVG 1.1\/\/EN\" \"http:\/\/www.w3.org\/Graphics\/SVG\/1.1\/DTD\/svg11.dtd\">\n<svg width=\"100%\" height=\"100%\" viewBox=\"0 0 463 463\" version=\"1.1\" xmlns=\"http:\/\/www.w3.org\/2000\/svg\" xmlns:xlink=\"http:\/\/www.w3.org\/1999\/xlink\" xml:space=\"preserve\" xmlns:serif=\"http:\/\/www.serif.com\/\" style=\"fill-rule:evenodd;clip-rule:evenodd;stroke-linejoin:round;stroke-miterlimit:2;margin-top:calc(25% - 100%);\">\n    <g transform=\"matrix(1,0,0,1,-119.094,-31.1956)\">\n        <g transform=\"matrix(0.305167,0,0,0.315326,45.861,-143.329)\">\n            <ellipse cx=\"996.957\" cy=\"1286.07\" rx=\"756.98\" ry=\"732.593\" style=\"fill:rgb(118,159,116);\"\/>\n        <\/g>\n        <g transform=\"matrix(0.48,0,0,0.48,-85.347,61.155)\">\n            <g transform=\"matrix(200,0,0,200,1273.13,761.398)\">\n            <\/g>\n            <text x=\"544.734px\" y=\"761.398px\" style=\"font-family:'Quicksand-Regular', 'Quicksand';font-size:200px;fill:white;\">K<tspan x=\"675.534px \" y=\"761.398px \">o<\/tspan>ntakt<\/text>\n        <\/g>\n    <\/g>\n<\/svg>\n\n\n\n<div style=\"height:24px\" aria-hidden=\"true\" class=\"wp-block-spacer\"><\/div>\n\n\n\n<h2 class=\"wp-block-heading\">Hier findest du mich<\/h2>\n\n\n\n<p>Die Besprechungen finden im Espace-8 Gesundheitszentrum oder im Wald statt. Fahrrad- und Autoparkpl\u00e4tze befinden sich gleich vor dem Haus und auch eine Bushaltestelle ist ganz in der N\u00e4he. Falls du nicht in der Region wohnst, k\u00f6nnen wir uns auch online via Zoom treffen.&nbsp;<br><br><strong>Espace-8 Gesundheitszentrum<\/strong><br>Oberer Quai 51<br>CH-2502 Biel\/Bienne<br><br><a href=\"https:\/\/espace-8.ch\">www.espace-8.ch<\/a> (schau mal rein&#8230; hier gibts noch viele weitere tolle Angebote)<br><br><strong>Besprechungs-Zeiten<\/strong><br>Dienstag: 09.00 &#8211; 11.00 Uhr<br>Donnerstag: 09.00 &#8211; 11.00 Uhr<br>Freitag: 08.00 &#8211; 17.00 Uhr<br><br>Wenn du einen Termin nicht wahrnehmen kannst, bitte ich dich, mir sp\u00e4testens 24 Std. vorher Bescheid zu geben. Ansonsten wird eine Annullationsgeb\u00fchr von CHF 60.00 in Rechnung gestellt.&nbsp;<\/p>\n\n\n\n<p>Ich bin nicht Krankenkassen-anerkannt, es kann aber sein, dass deine Krankenkasse \u00fcber eine Zusatzversicherung im Bereich Pr\u00e4vention einen Beitrag leistet. Frag einfach mal bei deiner Krankenkasse nach. <br><\/p>\n\n\n\n<p>Hier erreichst du mich schriftlich oder telefonisch:<br><br><strong>einMAHLeins<\/strong><br>Kathrin Friesecke<br>L\u00f6schgatterweg 9<br>CH-2542 Pieterlen<\/p>\n\n\n\n<div class=\"wp-block-group is-content-justification-space-between is-nowrap is-layout-flex wp-container-core-group-is-layout-4e2e7437 wp-block-group-is-layout-flex\">\n<p>Tel. +41 78 702 31 54<br>info@einmahleins.ch<\/p>\n\n\n\n<figure class=\"wp-block-image size-medium\"><a href=\"https:\/\/www.instagram.com\/einmahleins\/\"><img loading=\"lazy\" decoding=\"async\" width=\"300\" height=\"300\" src=\"https:\/\/einmahleins.ch\/wp-content\/uploads\/2023\/08\/Instagram-1-300x300.png\" alt=\"\" class=\"wp-image-634\" srcset=\"https:\/\/einmahleins.ch\/wp-content\/uploads\/2023\/08\/Instagram-1-300x300.png 300w, https:\/\/einmahleins.ch\/wp-content\/uploads\/2023\/08\/Instagram-1-150x150.png 150w, https:\/\/einmahleins.ch\/wp-content\/uploads\/2023\/08\/Instagram-1.png 463w\" sizes=\"auto, (max-width: 300px) 100vw, 300px\" \/><\/a><\/figure>\n<\/div>\n\n\n\n<p><\/p>\n<\/div>\n","protected":false},"excerpt":{"rendered":"<p>Kontakt Hier findest du mich Die Besprechungen finden im Espace-8 Gesundheitszentrum oder im Wald statt. Fahrrad- und Autoparkpl\u00e4tze befinden sich gleich vor dem Haus und auch eine Bushaltestelle ist ganz in der N\u00e4he. Falls du nicht in der Region wohnst, k\u00f6nnen wir uns auch online via Zoom treffen.&nbsp; Espace-8 GesundheitszentrumOberer Quai 51CH-2502 Biel\/Bienne www.espace-8.ch (schau [&hellip;]<\/p>\n","protected":false},"author":1,"featured_media":0,"parent":0,"menu_order":0,"comment_status":"closed","ping_status":"closed","template":"blank","meta":{"footnotes":""},"class_list":["post-45","page","type-page","status-publish","hentry"],"_links":{"self":[{"href":"https:\/\/einmahleins.ch\/index.php\/wp-json\/wp\/v2\/pages\/45","targetHints":{"allow":["GET"]}}],"collection":[{"href":"https:\/\/einmahleins.ch\/index.php\/wp-json\/wp\/v2\/pages"}],"about":[{"href":"https:\/\/einmahleins.ch\/index.php\/wp-json\/wp\/v2\/types\/page"}],"author":[{"embeddable":true,"href":"https:\/\/einmahleins.ch\/index.php\/wp-json\/wp\/v2\/users\/1"}],"replies":[{"embeddable":true,"href":"https:\/\/einmahleins.ch\/index.php\/wp-json\/wp\/v2\/comments?post=45"}],"version-history":[{"count":22,"href":"https:\/\/einmahleins.ch\/index.php\/wp-json\/wp\/v2\/pages\/45\/revisions"}],"predecessor-version":[{"id":834,"href":"https:\/\/einmahleins.ch\/index.php\/wp-json\/wp\/v2\/pages\/45\/revisions\/834"}],"wp:attachment":[{"href":"https:\/\/einmahleins.ch\/index.php\/wp-json\/wp\/v2\/media?parent=45"}],"curies":[{"name":"wp","href":"https:\/\/api.w.org\/{rel}","templated":true}]}}