{"id":43,"date":"2023-07-11T10:09:45","date_gmt":"2023-07-11T10:09:45","guid":{"rendered":"https:\/\/einmahleins.ch\/?page_id=43"},"modified":"2025-10-24T09:46:14","modified_gmt":"2025-10-24T09:46:14","slug":"vita","status":"publish","type":"page","link":"https:\/\/einmahleins.ch\/index.php\/vita\/","title":{"rendered":"Vita"},"content":{"rendered":"\n<div class=\"wp-block-group header-group has-global-padding is-layout-constrained wp-block-group-is-layout-constrained\">\n<?xml version=\"1.0\" encoding=\"UTF-8\" standalone=\"no\"?>\n<!DOCTYPE svg PUBLIC \"-\/\/W3C\/\/DTD SVG 1.1\/\/EN\" \"http:\/\/www.w3.org\/Graphics\/SVG\/1.1\/DTD\/svg11.dtd\">\n<svg width=\"100%\" height=\"100%\" viewBox=\"0 0 463 463\" version=\"1.1\" xmlns=\"http:\/\/www.w3.org\/2000\/svg\" xmlns:xlink=\"http:\/\/www.w3.org\/1999\/xlink\" xml:space=\"preserve\" xmlns:serif=\"http:\/\/www.serif.com\/\" style=\"fill-rule:evenodd;clip-rule:evenodd;stroke-linejoin:round;stroke-miterlimit:2;margin-top:calc(25% - 100%);\">\n    <g transform=\"matrix(1,0,0,1,-107.636,-24.9685)\">\n        <g transform=\"matrix(0.305167,0,0,0.315326,34.4027,-149.556)\">\n            <ellipse cx=\"996.957\" cy=\"1286.07\" rx=\"756.98\" ry=\"732.593\" style=\"fill:rgb(235,204,99);\"\/>\n        <\/g>\n        <g transform=\"matrix(0.48,0,0,0.48,-96.8053,54.9279)\">\n            <g transform=\"matrix(200,0,0,200,1273.13,761.398)\">\n            <\/g>\n            <text x=\"909.134px\" y=\"761.398px\" style=\"font-family:'Quicksand-Regular', 'Quicksand';font-size:200px;fill:white;\">Vita<\/text>\n        <\/g>\n    <\/g>\n<\/svg>\n\n\n\n<div style=\"height:24px\" aria-hidden=\"true\" class=\"wp-block-spacer\"><\/div>\n\n\n\n<h2 class=\"wp-block-heading\">Ein paar Zeilen \u00fcber mich<\/h2>\n\n\n\n<p>Menschen faszinieren und interessieren mich. Und ich finde es \u00e4usserst eindr\u00fccklich zu erleben, wie wir mit einfachen Mitteln grossen Einfluss auf unsere physische und psychische Gesundheit nehmen k\u00f6nnen. Mein Wissen und Erfahrungen aus verschiedenen Ausbildungen, meinem Leben und vielen Coachings weiterzugeben, bereitet mir grosse Freude und ich liebe meine Arbeit \u00fcber alles.<\/p>\n\n\n\n<p><strong>Was ich sonst noch ganz besonders mag:<\/strong> Pulverschnee, meine Familie (ja, noch etwas mehr als Pulverschnee) und meine Freund:innen. Dinge ganzheitlich und auch mal anders zu denken. Perspektivenwechsel generell. Die Natur, insbesondere die Berge, W\u00e4lder, Seen und das Meer und mich darin zu Fuss, auf dem Mountainbike, Snowboard, Surfbrett, Ski oder kletternd zu bewegen. Kreativit\u00e4t, trockenen Humor, Sprache(n) und Wortspiele. Wissensdurst stillen zu k\u00f6nnen. Frisches, gutes Essen und guten Kaffee. Inspirierende Gespr\u00e4che, Ruhe, Zeit f\u00fcr mich und meine Gedanken.<\/p>\n\n\n\n<p><strong>Womit ich meine liebe M\u00fche habe:<\/strong> L\u00e4rm, \u00fcble Ger\u00fcche, Engstirnigkeit, Energydrinks, Ungerechtigkeit, schlechter Kaffee, zu wenig Bewegung, zu viel Zeit drinnen oder vor einem Bildschirm verbringen. Schubladisieren. Eint\u00f6nigkeit.<\/p>\n\n\n\n<div class=\"wp-block-media-text has-media-on-the-right is-stacked-on-mobile\"><div class=\"wp-block-media-text__content\">\n<p>Ich freue mich auf alles was noch kommt in meinem Leben. Auf alle H\u00f6hen, welche mich den Augenblick in vollen Z\u00fcgen geniessen lassen. Aber auch auf alle Tiefen, welche mich etwas lernen, st\u00e4rker und weiser machen. Und ich freue mich darauf, dich ein St\u00fcck auf deinem Weg begleiten zu d\u00fcrfen.<\/p>\n\n\n\n<p>Kathrin<\/p>\n<\/div><figure class=\"wp-block-media-text__media\"><img loading=\"lazy\" decoding=\"async\" width=\"800\" height=\"800\" src=\"https:\/\/einmahleins.ch\/wp-content\/uploads\/2024\/12\/Vita_neu.jpg\" alt=\"\" class=\"wp-image-820 size-full\" srcset=\"https:\/\/einmahleins.ch\/wp-content\/uploads\/2024\/12\/Vita_neu.jpg 800w, https:\/\/einmahleins.ch\/wp-content\/uploads\/2024\/12\/Vita_neu-300x300.jpg 300w, https:\/\/einmahleins.ch\/wp-content\/uploads\/2024\/12\/Vita_neu-150x150.jpg 150w, https:\/\/einmahleins.ch\/wp-content\/uploads\/2024\/12\/Vita_neu-768x768.jpg 768w\" sizes=\"auto, (max-width: 800px) 100vw, 800px\" \/><\/figure><\/div>\n\n\n\n<p><\/p>\n\n\n\n<div style=\"height:24px\" aria-hidden=\"true\" class=\"wp-block-spacer\"><\/div>\n\n\n\n<p><strong>Kleine und grosse Meilensteine in meinem Leben<\/strong><\/p>\n\n\n\n<figure class=\"wp-block-table\"><table><tbody><tr><td>2025<\/td><td>Abschluss Ausbildung zur psychologischen Beraterin (Savina Tilman, Soul &amp; Science Academy)<\/td><\/tr><tr><td>2023<\/td><td>Abschluss Ausbildung zum Holistic Human Design Coach (All about Human Design)<\/td><\/tr><tr><td>2022<\/td><td>einMAHLeins zieht ins Espace-8-Gesundheitszentrum ein<\/td><\/tr><tr><td>2019<\/td><td>Geburt unserer Tochter<\/td><\/tr><tr><td>2017<\/td><td>(bis 2022) Anstellung Grafikarbeiten (Swiss Tennis)<\/td><\/tr><tr><td>2017<\/td><td>Geburt unseres Sohnes<\/td><\/tr><tr><td>2017<\/td><td>Module 1+2, Basiskurs 1 klinische Psychoneuroimmunologie (NHK Z\u00fcrich)<\/td><\/tr><tr><td>2016<\/td><td>Weiterbildung Sport &amp; klinische Psychoneuroimmunologie (NHK Z\u00fcrich)<\/td><\/tr><tr><td>2014<\/td><td>einMAHLeins wird geboren, Start in die Selbst\u00e4ndigkeit als Ern\u00e4hrungscoach<\/td><\/tr><tr><td>2014<\/td><td>(bis 2017) Anstellung Empfang &amp; Grafik (Swiss Tennis)<\/td><\/tr><tr><td>2013<\/td><td>4-monatige Atlantikk\u00fcstensurftour mit unserem selbst umgebauten VW-Bus<\/td><\/tr><tr><td>2013<\/td><td>Abschluss Ausbildung Ern\u00e4hrungscoach (SAFS)<\/td><\/tr><tr><td>2011<\/td><td>Abschluss Weiterbildung Sachbearbeiterin Marketing &amp; Verkauf, edupool.ch (BFB Biel)<\/td><\/tr><tr><td>2009<\/td><td>(bis 2013) Anstellung Sponsoring (Swiss Tennis)<\/td><\/tr><tr><td>2009<\/td><td>Saisonstelle als Snowboardlehrerin in Grindelwald<\/td><\/tr><tr><td>2008<\/td><td>4-monatige Reise nach Indonesien und S\u00fcdamerika, inkl. 3-w\u00f6chigem Spanischkurs<\/td><\/tr><tr><td>2007<\/td><td>Ich laufe meinem Mann \u00fcber den Weg<\/td><\/tr><tr><td>2007<\/td><td>Abschluss Ausbildung zur Snowboardlehrerin Stufe III (Swiss Snowsports)<\/td><\/tr><tr><td>2003<\/td><td>(bis 2008) Anstellung bei Swiss Snowsports, Backoffice Education<\/td><\/tr><tr><td>2003<\/td><td>Praktikum Montreux-Vevey Tourisme<\/td><\/tr><tr><td>2002<\/td><td>3-monatiger Sprachaufenthalt in Bournemouth, Abschluss CAE<\/td><\/tr><tr><td>2001<\/td><td>erste Berufserfahrung bei Davos Tourismus<\/td><\/tr><tr><td>2001<\/td><td>Abschluss kaufm\u00e4nnische Ausbildung mit Berufsmaturit\u00e4t (Swiss Tennis) <\/td><\/tr><tr><td>1998<\/td><td>Abschluss obligatorische Schulzeit<\/td><\/tr><\/tbody><\/table><\/figure>\n\n\n\n<div style=\"height:24px\" aria-hidden=\"true\" class=\"wp-block-spacer\"><\/div>\n<\/div>\n","protected":false},"excerpt":{"rendered":"<p>Vita Ein paar Zeilen \u00fcber mich Menschen faszinieren und interessieren mich. Und ich finde es \u00e4usserst eindr\u00fccklich zu erleben, wie wir mit einfachen Mitteln grossen Einfluss auf unsere physische und psychische Gesundheit nehmen k\u00f6nnen. Mein Wissen und Erfahrungen aus verschiedenen Ausbildungen, meinem Leben und vielen Coachings weiterzugeben, bereitet mir grosse Freude und ich liebe meine [&hellip;]<\/p>\n","protected":false},"author":1,"featured_media":0,"parent":0,"menu_order":0,"comment_status":"closed","ping_status":"closed","template":"blank","meta":{"footnotes":""},"class_list":["post-43","page","type-page","status-publish","hentry"],"_links":{"self":[{"href":"https:\/\/einmahleins.ch\/index.php\/wp-json\/wp\/v2\/pages\/43","targetHints":{"allow":["GET"]}}],"collection":[{"href":"https:\/\/einmahleins.ch\/index.php\/wp-json\/wp\/v2\/pages"}],"about":[{"href":"https:\/\/einmahleins.ch\/index.php\/wp-json\/wp\/v2\/types\/page"}],"author":[{"embeddable":true,"href":"https:\/\/einmahleins.ch\/index.php\/wp-json\/wp\/v2\/users\/1"}],"replies":[{"embeddable":true,"href":"https:\/\/einmahleins.ch\/index.php\/wp-json\/wp\/v2\/comments?post=43"}],"version-history":[{"count":31,"href":"https:\/\/einmahleins.ch\/index.php\/wp-json\/wp\/v2\/pages\/43\/revisions"}],"predecessor-version":[{"id":894,"href":"https:\/\/einmahleins.ch\/index.php\/wp-json\/wp\/v2\/pages\/43\/revisions\/894"}],"wp:attachment":[{"href":"https:\/\/einmahleins.ch\/index.php\/wp-json\/wp\/v2\/media?parent=43"}],"curies":[{"name":"wp","href":"https:\/\/api.w.org\/{rel}","templated":true}]}}